digit of i?
7
Let t = 14056 - 7431. What is the units digit of t?
5
What is the units digit of 3396 + (-36)/(-12) - -11?
0
Let q(a) be the second derivative of 8*a**3/3 + 5*a**2 - 11*a. Let s be q(-7). What is the tens digit of 481/6 + 17/s?
8
Suppose -1273*n + 1896 = -1267*n. Let x be (-2)/(-14) + 4478/14. Suppose -n = -4*f + x. What is the units digit of f?
9
Suppose 56*b - 13*b = -125*b + 2895816. What is the thousands digit of b?
7
Let x = 18 + 29. Suppose 2 - x = 5*t. What is the tens digit of (-1492)/t - 2/(-9)?
6
Suppose 3*v + 5*d - 40476 = 0, 47861 = 3*v - 2*d + 7343. What is the ten thousands digit of v?
1
Suppose 30 - 6 = 6*b. Suppose -4*p + 1113 = 4*j - 5*p, 4*p + 1104 = b*j. What is the hundreds digit of j?
2
Let v be (-8360)/(-57) - 1/(-3). Suppose 2*x - 3*f = v, -6*x + 5*f = -3*x - 222. Suppose x = 12*u - 9*u. What is the tens digit of u?
2
Let i(c) = 3*c**2 + 8*c. Let q(w) = -w**2 - w. Let y(j) = i(j) + 4*q(j). What is the units digit of y(2)?
4
Let n(m) = -m**3 + 12*m**2 - 4*m - 27. Let h be n(11). Let f = 70 - h. What is the tens digit of f/1 + 3 + -3?
2
Let a(b) = b - 11. Let o be a(10). Let n be 2/((0 + o - -5)/26). Suppose -n*k = -18*k + 855. What is the tens digit of k?
7
Let n(l) = -50*l + 2. Let b be n(-12). Let x = b - 60. What is the hundreds digit of x?
5
Let w = -449 - -484. What is the tens digit of (6*(-7)/21)/((-1)/w)?
7
Suppose 5*p - 11 = o, 21*o - 2*p = 25*o - 44. What is the tens digit of ((-1352)/o)/(-2) - 141/1269?
7
Suppose -6*d + 54364 = -24056. What is the thousands digit of d?
3
Suppose -55*l + 56*l - 401 = 0. Suppose 5*h + l = 1141. What is the tens digit of h?
4
What is the tens digit of -15 - 9/9*-8329?
1
Let z(k) = -222*k**3 - 21*k**2 + 3*k + 43. What is the hundreds digit of z(-4)?
9
What is the hundreds digit of (-87634)/(-14) - (-2630)/1841?
2
Let n be 1 - (-3 + 0)/(-3). Suppose 3*c + 6 = 3*v - n*v, 2*c + 4 = -v. Suppose v = -3*u - 7 + 67. What is the tens digit of u?
2
Suppose -76*h - 14*h = -742858 - 1720622. What is the ten thousands digit of h?
2
Let g(z) = -68*z + 3726. What is the tens digit of g(33)?
8
Let l = -34 + 33. What is the hundreds digit of (2375/(-20))/l - 9/12?
1
Let g be 36/45 - (-2)/10. Let f(x) = -2. Let i(d) = -36*d - 6. Let t(p) = 2*f(p) - i(p). What is the tens digit of t(g)?
3
Suppose -284*s - 2135 = -291*s. Let o be (18/(-4))/((-1)/136). Let g = o - s. What is the hundreds digit of g?
3
Suppose 161*u - 5*m - 99396 = 158*u, 99372 = 3*u + 3*m. What is the tens digit of u?
2
Let k = 90 - -29. Let r = -117 + k. Suppose q - 245 = -r*o - 73, -q + 178 = -o. What is the units digit of q?
6
Let v = -68427 - -105044. What is the units digit of v?
7
What is the thousands digit of 20/4*10/25 + 2823?
2
What is the thousands digit of (-5638)/(-5) + 60/150?
1
Let b be (-31)/124 - 78/8*-79. What is the tens digit of (30/(-25) - 0)/((-4)/b)?
3
Let g(a) = -296*a + 174. Let b be g(-12). Suppose -2*f = 4*o - b, 0 = -o - 10*f + 12*f + 939. What is the units digit of o?
3
Let q(j) = -606*j - 1108. What is the tens digit of q(-21)?
1
Let n be -1 + -3 + (0 - 0) - 181. Let f = n - -196. What is the tens digit of f?
1
Let c(s) = 12*s + 112. Let i be c(-5). Let t be ((25 + 0)*1)/1. Let x = i - t. What is the tens digit of x?
2
Let s = 315 + 2746. What is the tens digit of s?
6
Let c(t) = -t - 5. Let p be c(-2). Let d be -550 + p/(3/(-4)). What is the units digit of 1 + 0 + d/(-6)?
2
Let k = -1042 - -1575. Let g be 8/(-3)*3/(-2). Suppose 2*x = -2*x - 3*v + k, -264 = -2*x - g*v. What is the tens digit of x?
3
Let y be (0 + 596/(-6))/((-125)/(-375)). Let l = y + 1529. What is the thousands digit of l?
1
Let v(p) = -p**2 + 4*p - 2. Let a be v(11). Let h = a + -54. Let m = h - -265. What is the tens digit of m?
3
Let f = -37985 + 57912. What is the ten thousands digit of f?
1
Suppose z = -l + 524, 3*z + 10 = 4*l - 2093. Suppose -l = -4*h + 63. What is the units digit of h?
7
Let w(d) = -7762*d - 2126. What is the thousands digit of w(-4)?
8
What is the units digit of (-28)/4 + 10610 + 7 - 5?
5
Let m = 439 - 433. Suppose -56 = -m*r + 760. What is the tens digit of r?
3
Let k = 35279 + -9657. What is the hundreds digit of k?
6
Let l = 33 - -260. Suppose -l = -2*v + 301. What is the units digit of v?
7
What is the tens digit of (495/275)/(3/18705)?
2
Let b(q) = -38 - 198*q + 409*q - 195*q. What is the hundreds digit of b(23)?
3
Suppose 46*g + 38089 = z + 47*g, -2*z = 3*g - 76170. What is the ten thousands digit of z?
3
Suppose -w = -4*w + 240. Suppose -4*z - 4*p = -p - 247, 96 = 2*z - 4*p. Suppose w + z = 3*a. What is the units digit of a?
6
Let i be (6/4)/((-42)/(-196)). What is the units digit of i/63*6*324?
6
Let f = -52 + 56. Suppose -f*d = -4*a + 328, a = -3*a - 3*d + 321. Let y = a - -57. What is the hundreds digit of y?
1
Suppose 3*v - 4*v + 4379 = 2*t, -4*v + 4*t = -17516. What is the units digit of v?
9
Let z(s) = 2*s**2 + s + 191. Suppose -2 = 6*y - 2. What is the units digit of z(y)?
1
Let r be (-2)/(-8) - -5063*(-2)/(-8). Let t = r - -109. What is the tens digit of t?
7
Suppose a - 18246 = -73*v + 70*v, 5*a - 2*v - 91349 = 0. What is the hundreds digit of a?
2
Let f(t) = -t**2 - 8*t + 4. Let w(l) be the first derivative of -l**2/2 - l + 14. Let v(h) = -2*f(h) + 22*w(h). What is the tens digit of v(7)?
2
Let i(q) = -3*q + 21. Let r be i(5). Suppose 284 = -r*n - 58. What is the tens digit of (n/(-4))/((-6)/(-16))?
3
Let p(s) = 14*s + 28. Suppose 99 = 13*j - 4*j. Suppose 5*z + 36 = j*z. What is the hundreds digit of p(z)?
1
Suppose 0*i + 15 = 3*l - 3*i, 0 = -3*l - 4*i - 13. Let w(t) = 67*t**3 - t**2. Let o be w(l). What is the units digit of (-84)/(-24)*o/1?
1
Let a(y) = -11*y**3 + 2*y**2 + 12*y + 32. What is the units digit of a(-5)?
7
Let s = 34397 - -7321. What is the tens digit of s?
1
Let o(b) = 9*b + 35. Suppose -3*d - 4*i + 0*i + 35 = 0, 0 = -d - i + 13. What is the tens digit of o(d)?
8
Suppose v + 3*j = 17930, -11*v + 14*v - 2*j = 53757. What is the units digit of v?
1
Suppose 153*s - 6256979 - 795250 = 0. What is the ten thousands digit of s?
4
Let i(a) = 30*a**2 + 57*a - 1620. What is the thousands digit of i(29)?
5
Let g(l) = 3*l**2 - 11*l + 13. Let x = -11 - -22. Let c be g(x). Let h = c + -181. What is the tens digit of h?
7
Let z be (-1 + 5)/((-5)/(-130)). Let o = z + -72. Let y = 33 - o. What is the units digit of y?
1
Let c = 25652 - 4230. What is the units digit of c?
2
Let a(w) = 2*w**2 + 37*w - 78. Let n be a(-37). Let k = n - 597. What is the hundreds digit of k?
6
Let p(o) = -2*o**3 - 7*o**2 + 24*o + 47. What is the thousands digit of p(-17)?
7
Let q(s) = s**3 - 7*s**2 - 6*s - 6. Let k be q(9). What is the units digit of (-3)/(36/k)*6/(-3)?
7
Let j be (-18)/42 + (-38)/(-7). Suppose j*d - 53 = -2*o + 37, o + d = 39. Let g = 102 - o. What is the units digit of g?
7
Suppose 11*z - 14 = 4*z. Let u be 217/z - 1/(-2). Let i = -42 + u. What is the units digit of i?
7
Let o be 3 + (2 - 39/3). What is the hundreds digit of 7576/10 + o/(-20)?
7
Let j = 22819 - 14852. What is the thousands digit of j?
7
Let k be (55043/95)/((-1)/(-5)). What is the units digit of (-2)/(5/(-3 - k))?
0
Let x(i) = -235*i - 67. Let n(k) = -4*k**2 + 30*k - 29. Let b be n(1). What is the tens digit of x(b)?
3
Let d(s) = 5 + 4*s + 6 + 37*s**3 + 3*s**2 - 12. What is the tens digit of d(2)?
1
Let q = 24425 + 7322. What is the hundreds digit of q?
7
Suppose -5*x + 12600 = -4*m, 12*m = 2*x - 5332 + 240. What is the units digit of x?
6
Let a = -6517 - -14170. What is the thousands digit of a?
7
Let y = 37 + -32. Suppose y*i + 5*k + 68 = -167, 0 = -2*i - k - 96. What is the units digit of (-1 - i)*(6/(-3))/(-4)?
4
Let h(c) be the third derivative of -c**6/40 - 4*c**5/15 - 13*c**4/24 - 2*c**3/3 + 5*c**2 - 3. What is the units digit of h(-8)?
2
Suppose -2*s = 5*q + 3*s + 10, 5*s = -25. Suppose -5*i = -q*g - 5 + 24, 5*i = -4*g - 33. Let u(h) = -6*h - 12. What is the tens digit of u(i)?
1
Let g(u) = -30216*u**3 - 4*u**2 - u + 3. Let w be g(-1). Suppose 41*o - w = -10700. What is the units digit of o?
6
Let m(u) be the first derivative of 11/2*u**2 - 6 - 29*u + 2*u**3. What is the units digit of m(5)?
6
Let j(f) = 482*f**2 - 3*f + 3. Let m = 7 + -6. What is the units digit of j(m)?
2
Let o = 286 + -285. Let p(t) = 4*t